{"id":15,"date":"2021-01-07T22:52:44","date_gmt":"2021-01-07T22:52:44","guid":{"rendered":"https:\/\/demo.megathe.me\/test2\/andy\/?page_id=15"},"modified":"2023-07-24T22:17:05","modified_gmt":"2023-07-24T22:17:05","slug":"info","status":"publish","type":"page","link":"https:\/\/demo.megathe.me\/skylab\/andy\/info\/","title":{"rendered":"Info"},"content":{"rendered":"<p>[vc_row el_class=&#8221;no-margin full-width special&#8221; css=&#8221;.vc_custom_1616524687800{background-color: #f5f5f5 !important;}&#8221;][vc_column width=&#8221;1\/2&#8243; css=&#8221;.vc_custom_1603107296693{padding-top: 50px !important;padding-bottom: 50px !important;}&#8221;][vc_column_text el_class=&#8221;link-transition&#8221;]Cree que el dise\u00f1o lo tiene que entender todo el mundo, y no puede caer en la misma trampa que la econom\u00eda o una parte del arte actual, que se han convertido en un laberinto de operaciones incomprensibles para la mayor\u00eda de las personas. Reivindica un dise\u00f1o basado en la sencillez, el orden y los detalles.<\/p>\n<p>Le gusta creer en el concepto como punto de partida de cada proyecto. El contenido es tan importante como la forma, y si el dise\u00f1o es invisible, mejor. Cree necesario mantener una reflexi\u00f3n continua entorno a la naturaleza misma de los objetos que dise\u00f1amos.<\/p>\n<p>Como dise\u00f1ador que desarrolla objetos (carteles, libros, cat\u00e1logos\u2026) le preocupan todos los aspectos del proceso: desde la forma, la tipograf\u00eda o el formato, hasta los sistemas \u00f3ptimos de producci\u00f3n. Es consciente de que todo influye.<\/p>\n<h2>Contact<\/h2>\n<p>Erudit Orellana 4, 8<br \/>\n46008 Val\u00e8ncia<br \/>\n<a href=\"tel: 619 765 572\">619 765 572<\/a><br \/>\n<a href=\"mailto:didac@didacballester.com\">didac@didacballester.com<\/a><\/p>\n<p><a href=\"https:\/\/www.instagram.com\/didacballester\/\" target=\"_blank\" rel=\"noopener\">Instagram<\/a><br \/>\n<a href=\"https:\/\/www.linkedin.com\/in\/didacballester\/\" target=\"_blank\" rel=\"noopener\">LinkedIn<\/a><br \/>\n<a href=\"https:\/\/www.facebook.com\/didac.ballester\" target=\"_blank\" rel=\"noopener\">Facebook<\/a><\/p>\n<h2>Clientes (Selecci\u00f3n)<\/h2>\n<p>A Piacere Quartet de Corda<br \/>\nAcci\u00f3 Cultural del Pa\u00eds Valenci\u00e0<br \/>\nArt P\u00fablic Universitat P\u00fablica<br \/>\nAssociaci\u00f3 d\u2019Escriptors en Llengua Catalana<br \/>\nBanjo Music<br \/>\nBodegas Vilarre<br \/>\nCa Revolta<br \/>\nCentre del Carme<br \/>\nClub de Creativos<br \/>\nConsorci de Museus de la Comunitat Valenciana<br \/>\nEDEM, escuela de empresarios<br \/>\nEdicions del Buc<br \/>\nEMT<br \/>\nExpormim<br \/>\nFundaci\u00f3 Bancaixa<br \/>\nFundaci\u00f3n V Centenario del nacimiento de Santa Teresa de Jes\u00fas<br \/>\nGeneralitat Valenciana<br \/>\nIMPORTACO<br \/>\nIrene Grau<br \/>\nIVAM. Institut Valenci\u00e0 d\u2019Art Modern<br \/>\nIvorypress<br \/>\nJard\u00ed Bot\u00e0nic de Val\u00e8ncia<br \/>\nLlibreria Fan Set<br \/>\nLunia, cosm\u00e9ticos<br \/>\nManu Bl\u00e1zquez<br \/>\nMMoCA, Madison, US<br \/>\nOrden de los Carmelitas Descalzos<br \/>\nPatronat de Turisme<br \/>\nPruna Llibres<br \/>\nSala Parpall\u00f3<br \/>\nTerra i Xufa<br \/>\nUniversidad de la M\u00edstica<br \/>\nUniversitat de Val\u00e8ncia<br \/>\nUniversitat Polit\u00e9cnica de Val\u00e8ncia[\/vc_column_text][\/vc_column][vc_column width=&#8221;1\/2&#8243;][vc_single_image image=&#8221;232&#8243; img_size=&#8221;full&#8221; alignment=&#8221;center&#8221;][\/vc_column][\/vc_row]<\/p>\n","protected":false},"excerpt":{"rendered":"<p>[vc_row el_class=&#8221;no-margin full-width special&#8221; css=&#8221;.vc_custom_1616524687800{background-color: #f5f5f5 !important;}&#8221;][vc_column width=&#8221;1\/2&#8243; css=&#8221;.vc_custom_1603107296693{padding-top: 50px !important;padding-bottom: 50px !important;}&#8221;][vc_column_text el_class=&#8221;link-transition&#8221;]Cree que el dise\u00f1o lo tiene que entender todo el mundo, y no puede caer en la misma trampa que la econom\u00eda o una parte del arte actual, que se han convertido en un laberinto de operaciones incomprensibles para la mayor\u00eda de &hellip;<\/p>\n","protected":false},"author":1,"featured_media":0,"parent":0,"menu_order":0,"comment_status":"closed","ping_status":"closed","template":"blank-page.php","meta":{"footnotes":""},"class_list":["post-15","page","type-page","status-publish","hentry"],"yoast_head":"<!-- This site is optimized with the Yoast SEO plugin v25.6 - https:\/\/yoast.com\/wordpress\/plugins\/seo\/ -->\n<title>Info - D\u00eddac Ballester - Andy Demo - Skylab - Responsive Creative Portfolio WordPress Theme<\/title>\n<meta name=\"robots\" content=\"index, follow, max-snippet:-1, max-image-preview:large, max-video-preview:-1\" \/>\n<link rel=\"canonical\" href=\"https:\/\/demo.megathe.me\/skylab\/andy\/info\/\" \/>\n<meta property=\"og:locale\" content=\"en_US\" \/>\n<meta property=\"og:type\" content=\"article\" \/>\n<meta property=\"og:title\" content=\"Info - D\u00eddac Ballester - Andy Demo - Skylab - Responsive Creative Portfolio WordPress Theme\" \/>\n<meta property=\"og:description\" content=\"[vc_row el_class=&#8221;no-margin full-width special&#8221; css=&#8221;.vc_custom_1616524687800{background-color: #f5f5f5 !important;}&#8221;][vc_column width=&#8221;1\/2&#8243; css=&#8221;.vc_custom_1603107296693{padding-top: 50px !important;padding-bottom: 50px !important;}&#8221;][vc_column_text el_class=&#8221;link-transition&#8221;]Cree que el dise\u00f1o lo tiene que entender todo el mundo, y no puede caer en la misma trampa que la econom\u00eda o una parte del arte actual, que se han convertido en un laberinto de operaciones incomprensibles para la mayor\u00eda de &hellip;\" \/>\n<meta property=\"og:url\" content=\"https:\/\/demo.megathe.me\/skylab\/andy\/info\/\" \/>\n<meta property=\"og:site_name\" content=\"D\u00eddac Ballester\" \/>\n<meta property=\"article:modified_time\" content=\"2023-07-24T22:17:05+00:00\" \/>\n<meta name=\"twitter:card\" content=\"summary_large_image\" \/>\n<meta name=\"twitter:label1\" content=\"Est. reading time\" \/>\n\t<meta name=\"twitter:data1\" content=\"2 minutes\" \/>\n<!-- \/ Yoast SEO plugin. -->","yoast_head_json":{"title":"Info - D\u00eddac Ballester - Andy Demo - Skylab - Responsive Creative Portfolio WordPress Theme","robots":{"index":"index","follow":"follow","max-snippet":"max-snippet:-1","max-image-preview":"max-image-preview:large","max-video-preview":"max-video-preview:-1"},"canonical":"https:\/\/demo.megathe.me\/skylab\/andy\/info\/","og_locale":"en_US","og_type":"article","og_title":"Info - D\u00eddac Ballester - Andy Demo - Skylab - Responsive Creative Portfolio WordPress Theme","og_description":"[vc_row el_class=&#8221;no-margin full-width special&#8221; css=&#8221;.vc_custom_1616524687800{background-color: #f5f5f5 !important;}&#8221;][vc_column width=&#8221;1\/2&#8243; css=&#8221;.vc_custom_1603107296693{padding-top: 50px !important;padding-bottom: 50px !important;}&#8221;][vc_column_text el_class=&#8221;link-transition&#8221;]Cree que el dise\u00f1o lo tiene que entender todo el mundo, y no puede caer en la misma trampa que la econom\u00eda o una parte del arte actual, que se han convertido en un laberinto de operaciones incomprensibles para la mayor\u00eda de &hellip;","og_url":"https:\/\/demo.megathe.me\/skylab\/andy\/info\/","og_site_name":"D\u00eddac Ballester","article_modified_time":"2023-07-24T22:17:05+00:00","twitter_card":"summary_large_image","twitter_misc":{"Est. reading time":"2 minutes"},"schema":{"@context":"https:\/\/schema.org","@graph":[{"@type":"WebPage","@id":"https:\/\/demo.megathe.me\/skylab\/andy\/info\/","url":"https:\/\/demo.megathe.me\/skylab\/andy\/info\/","name":"Info - D\u00eddac Ballester - Andy Demo - Skylab - Responsive Creative Portfolio WordPress Theme","isPartOf":{"@id":"https:\/\/demo.megathe.me\/skylab\/andy\/#website"},"datePublished":"2021-01-07T22:52:44+00:00","dateModified":"2023-07-24T22:17:05+00:00","breadcrumb":{"@id":"https:\/\/demo.megathe.me\/skylab\/andy\/info\/#breadcrumb"},"inLanguage":"en-US","potentialAction":[{"@type":"ReadAction","target":["https:\/\/demo.megathe.me\/skylab\/andy\/info\/"]}]},{"@type":"BreadcrumbList","@id":"https:\/\/demo.megathe.me\/skylab\/andy\/info\/#breadcrumb","itemListElement":[{"@type":"ListItem","position":1,"name":"Home","item":"https:\/\/demo.megathe.me\/skylab\/andy\/"},{"@type":"ListItem","position":2,"name":"Info"}]},{"@type":"WebSite","@id":"https:\/\/demo.megathe.me\/skylab\/andy\/#website","url":"https:\/\/demo.megathe.me\/skylab\/andy\/","name":"D\u00eddac Ballester","description":"Responsive Creative Portfolio WordPress Theme","potentialAction":[{"@type":"SearchAction","target":{"@type":"EntryPoint","urlTemplate":"https:\/\/demo.megathe.me\/skylab\/andy\/?s={search_term_string}"},"query-input":{"@type":"PropertyValueSpecification","valueRequired":true,"valueName":"search_term_string"}}],"inLanguage":"en-US"}]}},"_links":{"self":[{"href":"https:\/\/demo.megathe.me\/skylab\/andy\/wp-json\/wp\/v2\/pages\/15","targetHints":{"allow":["GET"]}}],"collection":[{"href":"https:\/\/demo.megathe.me\/skylab\/andy\/wp-json\/wp\/v2\/pages"}],"about":[{"href":"https:\/\/demo.megathe.me\/skylab\/andy\/wp-json\/wp\/v2\/types\/page"}],"author":[{"embeddable":true,"href":"https:\/\/demo.megathe.me\/skylab\/andy\/wp-json\/wp\/v2\/users\/1"}],"replies":[{"embeddable":true,"href":"https:\/\/demo.megathe.me\/skylab\/andy\/wp-json\/wp\/v2\/comments?post=15"}],"version-history":[{"count":3,"href":"https:\/\/demo.megathe.me\/skylab\/andy\/wp-json\/wp\/v2\/pages\/15\/revisions"}],"predecessor-version":[{"id":286,"href":"https:\/\/demo.megathe.me\/skylab\/andy\/wp-json\/wp\/v2\/pages\/15\/revisions\/286"}],"wp:attachment":[{"href":"https:\/\/demo.megathe.me\/skylab\/andy\/wp-json\/wp\/v2\/media?parent=15"}],"curies":[{"name":"wp","href":"https:\/\/api.w.org\/{rel}","templated":true}]}}