{"id":21,"date":"2020-12-07T04:52:18","date_gmt":"2020-12-07T04:52:18","guid":{"rendered":"https:\/\/demo.megathe.me\/test2\/otis\/?page_id=21"},"modified":"2022-11-19T22:30:22","modified_gmt":"2022-11-19T22:30:22","slug":"info","status":"publish","type":"page","link":"https:\/\/demo.megathe.me\/skylab\/otis\/info\/","title":{"rendered":"Info"},"content":{"rendered":"<p>[vc_row el_class=&#8221;light-margin&#8221;][vc_column][vc_column_text el_class=&#8221;link-transition&#8221;]<\/p>\n<h2 style=\"margin-top: 0;\">About<\/h2>\n<p>Ognjen Gligorijevi\u0107, born in Ni\u0161, Serbia. Currently working as a graphic and type designer between Ni\u0161, Serbia and Amsterdam, The Netherlands. His practice moves between the commercial and artistic world \/ with a great passion for working within the cultural field. He is specialized in Editorial design, typography and brand identity.<\/p>\n<p>Participated in numerous exhibitions such as Romanian Design Week, DEV9T Festival, Mediana and many more.<\/p>\n<h2>Contact<\/h2>\n<p>Feel free to contact me for freelance work, new projects, collaborations or other enquiries.<\/p>\n<p><a href=\"https:\/\/www.instagram.com\/ogvdesign\/\" target=\"_blank\" rel=\"noopener\">instagram<\/a><br \/>\n<a href=\"https:\/\/www.behance.net\/ognjenglig\" target=\"_blank\" rel=\"noopener\">behance<\/a><br \/>\n<a href=\"https:\/\/www.linkedin.com\/in\/ognjen-gligorijevic-305551153\/\" target=\"_blank\" rel=\"noopener\">linkedin<\/a><br \/>\n<a href=\"mailto:ognjen@ogvdesign.com\">ognjen@ogvdesign.com<\/a><\/p>\n<h2>Press<\/h2>\n<p><a href=\"https:\/\/anothergraphic.org\/ognjen-gligorijevic\/\" target=\"_blank\" rel=\"noopener\">Another Graphic<\/a><br \/>\n<a href=\"https:\/\/www.designandpaper.com\/aremia-typeface-integrates-contemporary-aesthetics-to-classic-form\/\" target=\"_blank\" rel=\"noopener\">Design &amp; Paper<\/a><br \/>\n<a href=\"https:\/\/fontsinuse.com\/uses\/35333\/andrea-antonacci-business-cards\" target=\"_blank\" rel=\"noopener\">Fonts in Use<\/a><br \/>\n<a href=\"https:\/\/type-01.com\/top-10-new-fonts-on-type-department\/\" target=\"_blank\" rel=\"noopener\">Type01<\/a>[\/vc_column_text][\/vc_column][\/vc_row]<\/p>\n","protected":false},"excerpt":{"rendered":"<p>[vc_row el_class=&#8221;light-margin&#8221;][vc_column][vc_column_text el_class=&#8221;link-transition&#8221;] About Ognjen Gligorijevi\u0107, born in Ni\u0161, Serbia. Currently working as a graphic and type designer between Ni\u0161, Serbia and Amsterdam, The Netherlands. His practice moves between the commercial and artistic world \/ with a great passion for working within the cultural field. He is specialized in Editorial design, typography and brand identity. &hellip;<\/p>\n","protected":false},"author":1,"featured_media":0,"parent":0,"menu_order":0,"comment_status":"closed","ping_status":"closed","template":"blank-page.php","meta":{"footnotes":""},"class_list":["post-21","page","type-page","status-publish","hentry"],"yoast_head":"<!-- This site is optimized with the Yoast SEO plugin v25.6 - https:\/\/yoast.com\/wordpress\/plugins\/seo\/ -->\n<title>Info - Ognjen Gligorijevic - Otis Demo - Skylab - Responsive Creative Portfolio WordPress Theme<\/title>\n<meta name=\"robots\" content=\"index, follow, max-snippet:-1, max-image-preview:large, max-video-preview:-1\" \/>\n<link rel=\"canonical\" href=\"https:\/\/demo.megathe.me\/skylab\/otis\/info\/\" \/>\n<meta property=\"og:locale\" content=\"en_US\" \/>\n<meta property=\"og:type\" content=\"article\" \/>\n<meta property=\"og:title\" content=\"Info - Ognjen Gligorijevic - Otis Demo - Skylab - Responsive Creative Portfolio WordPress Theme\" \/>\n<meta property=\"og:description\" content=\"[vc_row el_class=&#8221;light-margin&#8221;][vc_column][vc_column_text el_class=&#8221;link-transition&#8221;] About Ognjen Gligorijevi\u0107, born in Ni\u0161, Serbia. Currently working as a graphic and type designer between Ni\u0161, Serbia and Amsterdam, The Netherlands. His practice moves between the commercial and artistic world \/ with a great passion for working within the cultural field. He is specialized in Editorial design, typography and brand identity. &hellip;\" \/>\n<meta property=\"og:url\" content=\"https:\/\/demo.megathe.me\/skylab\/otis\/info\/\" \/>\n<meta property=\"og:site_name\" content=\"Ognjen Gligorijevic\" \/>\n<meta property=\"article:modified_time\" content=\"2022-11-19T22:30:22+00:00\" \/>\n<meta name=\"twitter:card\" content=\"summary_large_image\" \/>\n<meta name=\"twitter:label1\" content=\"Est. reading time\" \/>\n\t<meta name=\"twitter:data1\" content=\"1 minute\" \/>\n<!-- \/ Yoast SEO plugin. -->","yoast_head_json":{"title":"Info - Ognjen Gligorijevic - Otis Demo - Skylab - Responsive Creative Portfolio WordPress Theme","robots":{"index":"index","follow":"follow","max-snippet":"max-snippet:-1","max-image-preview":"max-image-preview:large","max-video-preview":"max-video-preview:-1"},"canonical":"https:\/\/demo.megathe.me\/skylab\/otis\/info\/","og_locale":"en_US","og_type":"article","og_title":"Info - Ognjen Gligorijevic - Otis Demo - Skylab - Responsive Creative Portfolio WordPress Theme","og_description":"[vc_row el_class=&#8221;light-margin&#8221;][vc_column][vc_column_text el_class=&#8221;link-transition&#8221;] About Ognjen Gligorijevi\u0107, born in Ni\u0161, Serbia. Currently working as a graphic and type designer between Ni\u0161, Serbia and Amsterdam, The Netherlands. His practice moves between the commercial and artistic world \/ with a great passion for working within the cultural field. He is specialized in Editorial design, typography and brand identity. &hellip;","og_url":"https:\/\/demo.megathe.me\/skylab\/otis\/info\/","og_site_name":"Ognjen Gligorijevic","article_modified_time":"2022-11-19T22:30:22+00:00","twitter_card":"summary_large_image","twitter_misc":{"Est. reading time":"1 minute"},"schema":{"@context":"https:\/\/schema.org","@graph":[{"@type":"WebPage","@id":"https:\/\/demo.megathe.me\/skylab\/otis\/info\/","url":"https:\/\/demo.megathe.me\/skylab\/otis\/info\/","name":"Info - Ognjen Gligorijevic - Otis Demo - Skylab - Responsive Creative Portfolio WordPress Theme","isPartOf":{"@id":"https:\/\/demo.megathe.me\/skylab\/otis\/#website"},"datePublished":"2020-12-07T04:52:18+00:00","dateModified":"2022-11-19T22:30:22+00:00","breadcrumb":{"@id":"https:\/\/demo.megathe.me\/skylab\/otis\/info\/#breadcrumb"},"inLanguage":"en-US","potentialAction":[{"@type":"ReadAction","target":["https:\/\/demo.megathe.me\/skylab\/otis\/info\/"]}]},{"@type":"BreadcrumbList","@id":"https:\/\/demo.megathe.me\/skylab\/otis\/info\/#breadcrumb","itemListElement":[{"@type":"ListItem","position":1,"name":"Home","item":"https:\/\/demo.megathe.me\/skylab\/otis\/"},{"@type":"ListItem","position":2,"name":"Info"}]},{"@type":"WebSite","@id":"https:\/\/demo.megathe.me\/skylab\/otis\/#website","url":"https:\/\/demo.megathe.me\/skylab\/otis\/","name":"Ognjen Gligorijevic","description":"Graphic Design &amp; Art Direction","potentialAction":[{"@type":"SearchAction","target":{"@type":"EntryPoint","urlTemplate":"https:\/\/demo.megathe.me\/skylab\/otis\/?s={search_term_string}"},"query-input":{"@type":"PropertyValueSpecification","valueRequired":true,"valueName":"search_term_string"}}],"inLanguage":"en-US"}]}},"_links":{"self":[{"href":"https:\/\/demo.megathe.me\/skylab\/otis\/wp-json\/wp\/v2\/pages\/21","targetHints":{"allow":["GET"]}}],"collection":[{"href":"https:\/\/demo.megathe.me\/skylab\/otis\/wp-json\/wp\/v2\/pages"}],"about":[{"href":"https:\/\/demo.megathe.me\/skylab\/otis\/wp-json\/wp\/v2\/types\/page"}],"author":[{"embeddable":true,"href":"https:\/\/demo.megathe.me\/skylab\/otis\/wp-json\/wp\/v2\/users\/1"}],"replies":[{"embeddable":true,"href":"https:\/\/demo.megathe.me\/skylab\/otis\/wp-json\/wp\/v2\/comments?post=21"}],"version-history":[{"count":1,"href":"https:\/\/demo.megathe.me\/skylab\/otis\/wp-json\/wp\/v2\/pages\/21\/revisions"}],"predecessor-version":[{"id":264,"href":"https:\/\/demo.megathe.me\/skylab\/otis\/wp-json\/wp\/v2\/pages\/21\/revisions\/264"}],"wp:attachment":[{"href":"https:\/\/demo.megathe.me\/skylab\/otis\/wp-json\/wp\/v2\/media?parent=21"}],"curies":[{"name":"wp","href":"https:\/\/api.w.org\/{rel}","templated":true}]}}